906?
False
Is 112 a factor of 8868932?
False
Does 49 divide 10819249?
True
Does 172 divide 757062128?
True
Is 1108497750 a multiple of 5745?
True
Is 215925878 a multiple of 482?
True
Does 14 divide 139865992?
True
Is 124 a factor of 176527640?
True
Is 11843779 a multiple of 472?
False
Does 334 divide 79208100?
True
Is 1545 a factor of 63966090?
True
Is 898285496 a multiple of 1406?
False
Is 14 a factor of 663717278?
True
Is 12375045 a multiple of 80?
False
Is 18828683 a multiple of 288?
False
Is 112471453 a multiple of 196?
False
Does 49 divide 308319761?
False
Is 75805265 a multiple of 295?
True
Is 238601048 a multiple of 31?
True
Does 20 divide 15592129?
False
Does 1034 divide 183784194?
True
Does 889 divide 1247746301?
False
Does 857 divide 3203446289?
True
Is 38 a factor of 66082?
True
Is 37457955 a multiple of 11?
False
Does 1946 divide 24755938?
False
Is 32044892 a multiple of 17?
False
Is 2313 a factor of 1765791894?
False
Is 26 a factor of 77680060?
False
Is 5434176 a multiple of 32?
True
Does 53 divide 13536730?
True
Is 548 a factor of 46019944?
True
Is 1880496880 a multiple of 2755?
True
Is 659 a factor of 5649607?
True
Does 9 divide 4544935?
False
Is 39 a factor of 1045307290?
False
Is 653094784 a multiple of 12?
False
Is 3 a factor of 74317321?
False
Does 662 divide 220280377?
False
Is 162 a factor of 4319406?
True
Is 9 a factor of 98540139?
False
Does 83 divide 612444550?
True
Does 1826 divide 124677454?
True
Is 3822 a factor of 99426186?
False
Is 359 a factor of 19748949?
True
Is 54 a factor of 50669496?
True
Is 26563212 a multiple of 78?
True
Is 423 a factor of 42653796?
False
Is 37 a factor of 5276060?
False
Is 16 a factor of 18840064?
True
Is 268 a factor of 29393972?
True
Does 18 divide 180303966?
True
Does 187 divide 77819676?
True
Does 560 divide 2038840720?
True
Does 14 divide 2556668?
False
Does 129 divide 499085649?
True
Is 27 a factor of 209574?
True
Is 6092 a factor of 5141648?
True
Is 40654973 a multiple of 685?
False
Does 4 divide 169873196?
True
Does 96 divide 221895733?
False
Does 1360 divide 29275360?
True
Is 13 a factor of 38017239?
True
Is 590 a factor of 825032116?
False
Is 456 a factor of 1506688707?
False
Is 17655585 a multiple of 2649?
True
Does 900 divide 12075300?
True
Is 43470973 a multiple of 3?
False
Is 197455906 a multiple of 106?
False
Is 10297001 a multiple of 503?
False
Is 128 a factor of 567837184?
True
Is 5 a factor of 40516541?
False
Is 671986223 a multiple of 141?
False
Is 60 a factor of 327930224?
False
Does 19 divide 1085408408?
False
Does 7668 divide 2030578416?
True
Is 3013 a factor of 175977706?
False
Is 24415297 a multiple of 9?
False
Does 1222 divide 196630229?
False
Is 32 a factor of 425656224?
True
Does 3691 divide 1200084358?
True
Is 3376 a factor of 1273204767?
False
Does 1551 divide 407190234?
True
Is 949 a factor of 104506511?
False
Does 6 divide 1850263520?
False
Is 61 a factor of 241598655?
False
Is 38900196 a multiple of 522?
False
Does 14 divide 23702780?
False
Does 4 divide 266848?
True
Is 2004 a factor of 639435461?
False
Is 59 a factor of 68056997?
False
Does 55 divide 473182780?
False
Is 41521838 a multiple of 15?
False
Is 151 a factor of 365953332?
True
Is 43 a factor of 36551412?
False
Is 35 a factor of 41104770?
True
Does 4 divide 38923804?
True
Does 53 divide 12799637?
False
Is 350212032 a multiple of 1556?
True
Does 45 divide 186004412?
False
Does 22 divide 5805234?
False
Is 260 a factor of 8647340?
True
Is 266 a factor of 380885932?
True
Is 27 a factor of 22242720?
False
Is 902148 a multiple of 52?
True
Is 2040753601 a multiple of 90?
False
Is 246 a factor of 33850418?
False
Does 10 divide 381659?
False
Does 14 divide 179310054?
True
Is 12 a factor of 645877376?
False
Does 815 divide 14124628?
False
Is 23 a factor of 2374311975?
False
Is 2226328 a multiple of 104?
True
Does 230 divide 829422550?
True
Is 22728840 a multiple of 60?
True
Is 29694882 a multiple of 21?
True
Does 65 divide 317372868?
False
Does 24 divide 389903925?
False
Does 1358 divide 2260769926?
False
Is 22 a factor of 8302673?
False
Is 88 a factor of 955275837?
False
Is 6123 a factor of 3203069883?
True
Is 35800534 a multiple of 13?
False
Is 2403474 a multiple of 3?
True
Does 56 divide 1851690109?
False
Is 25 a factor of 546285200?
True
Is 110379630 a multiple of 5387?
True
Is 250 a factor of 184749000?
True
Is 445 a factor of 15517595?
True
Does 24 divide 40784088?
True
Is 69532001 a multiple of 7?
True
Is 9405332 a multiple of 1412?
True
Is 28 a factor of 1921331580?
True
Is 696651388 a multiple of 158?
True
Is 515028359 a multiple of 24?
False
Is 459 a factor of 31212?
True
Does 80 divide 14979120?
True
Does 632 divide 21870992?
True
Does 520 divide 120816800?
True
Is 609 a factor of 26037229?
False
Does 9 divide 7647874?
False
Is 34494259 a multiple of 9?
False
Is 204974960 a multiple of 45?
False
Is 887 a factor of 76253519?
False
Is 731604331 a multiple of 7556?
False
Is 2189070076 a multiple of 193?
True
Does 6 divide 269736642?
True
Is 1968 a factor of 2155329946?
False
Does 87 divide 526496769?
True
Does 6889 divide 416978251?
False
Does 15 divide 279684946?
False
Is 4197 a factor of 3255810159?
True
Is 1631690814 a multiple of 795?
False
Does 2305 divide 2181106176?
False
Does 2312 divide 2199729280?
True
Does 496 divide 6074512?
True
Is 27 a factor of 6653745?
True
Is 214074018 a multiple of 414?
True
Does 882 divide 301622303?
False
Is 417 a factor of 150902304?
False
Does 13 divide 50965031?
True
Does 75 divide 1074525?
True
Is 1555 a factor of 64404535?
False
Is 15 a factor of 6003570699?
False
Is 24791170 a multiple of 18?
False
Does 10 divide 691212426?
False
Is 6 a factor of 133880487?
False
Does 44 divide 15925352?
False
Does 751 divide 35562854?
True
Is 43 a factor of 43926671?
False
Is 137832288 a multiple of 528?
True
Is 10 a factor of 60818140?
True
Does 8 divide 165737576?
True
Is 90 a factor of 1538815860?
True
Is 47 a factor of 219867498?
False
Is 6 a factor of 258091656?
True
Is 2102 a factor of 383703284?
True
Is 97981772 a multiple of 1652?
True
Is 503 a factor of 508005647?
False
Is 5 a factor of 1561526137?
False
Does 35 divide 749534825?
False
Is 57673879 a multiple of 6?
False
Does 1921 divide 845906407?
False
Is 8 a factor of 5225137?
False
Does 2252 divide 3312708?
False
Does 114 divide 144326508?
True
Does 5 divide 2024198?
False
Is 2047 a factor of 396076077?
True
Does 672 divide 637781510?
False
Is 1375276226 a multiple of 84?
False
Is 57722985 a multiple of 207?
True
Is 10 a factor of 7566373?
False
Is 672442305 a multiple of 1085?
False
Is 12 a factor of 56053902?
False
Does 679 divide 36139617?
False
Is 4263 a factor of 207356583?
True
Is 67007690 a multiple of 58?
True
Is 18 a factor of 57768141?
False
Is 7 a factor of 2528184?
False
Is 46506162 a multiple of 993?
True
Does 155 divide 14762820?
True
Is 5 a factor of 3531232?
False
Is 3358374872 a multiple of 14178?
False
Is 5243722 a multiple of 375?
False
Is 834649115 a multiple of 1460?
False
Does 11 divide 18794703?
False
Does 556 divide 171179314?
False
Is 14 a factor of 5638122?
True
Is 1627 a factor of 3336872872?
True
Does 8748 divide 1656200438?
False
Does 5003 divide 222718634?
False
Is 187 a factor of 462660814?
True
Is 41225211 a multiple of 261?
True
Does 179 divide 51579745?
True
Is 5973 a factor of 1156436398?
False
Is 49680719 a multiple of 41?
False
Is 68654429 a multiple of 4351?
True
Does 7 divide 3557624413?
True
Is 105 a factor of 177529531?
False
Is 151 a factor of 243111266?
False
Is 92 a factor of 16985533?
False
Is 93294397 a multiple of 24?
False
Is 18 a factor of 116654810?
False
Is 309 a factor of 955983273?
True
Is 3255100 a multiple of 7?
False
Is 110 a factor of 96786030?
True
Is 69385110 a multiple of 18?
False
Does 288 divide 294563808?
True
Is 1291 a factor of 382241926?
False
Does 38 divide 460627467?
False
Does 305 divide 404857000?
True
Does 28 divide 132412229?
False
Does 551 divide 140397555?
True
Does 720 divide 23054264?
False
Does 144 divide 92445354?
False
Is 2548 a factor of 537475120?
True
Does 21 divide 2494890384?
True
Is 1356303 a multiple of 13?
True
Is 556507756 a multiple of 3932?
True
Does 20 divide 6023140?
True
Is 95 a factor of 31717686?
False
Does 35 div